{"id":5263,"date":"2021-12-11T22:04:45","date_gmt":"2021-12-11T19:04:45","guid":{"rendered":"http:\/\/turskishop.com\/?post_type=product&#038;p=5263"},"modified":"2022-03-30T20:56:41","modified_gmt":"2022-03-30T17:56:41","slug":"basak-ezogelin-supa-65-gr","status":"publish","type":"product","link":"https:\/\/turskishop.com\/index.php\/product\/basak-ezogelin-supa-65-gr\/","title":{"rendered":"Basak Ezogelin Supa (65 gr)"},"content":{"rendered":"<p>Okus i raznovrsnost klasi\u010dnih supa lako su na va\u0161em stolu uz klasi\u010dne Basak supe koje pripremaju majstori Basak kuhara. Basak Ezogelin (65 gr) je najbr\u017ei i najlak\u0161i oblik klasi\u010dne esogelin supe. Veli\u010danstvena harmonija sastojaka u njemu stvara gozbu u ustima. Ako to radite na laganoj vatri i mije\u0161aju\u0107i drvenom kuha\u010dom, mo\u017eete poja\u010dati okus. Priprema se kombinacijom povr\u0107a i mje\u0161avine za\u010dina koje se sakupljaju i su\u0161e na vrhuncu okusa u sezoni.<\/p>\n<p>Basak proizvodi podr\u017eavaju odr\u017eivu poljoprivredu.<\/p>\n<p>\u010cuvati u hladnom i suvom okru\u017eenju.Bra\u0161no od crvenog so\u010diva (35%), pirina\u010d, p\u0161eni\u010dno bra\u0161no, jodirana so, su\u0161eni mleveni luk, krompirov skrob, \u0161e\u0107er, su\u0161eni mleveni paradajz, arome (mle\u010dne), ekstrakt slatke paprike, menta, ekstrakt kvasca, bulgur (p\u0161enica), sir\u0107e u prahu , biljno ulje (palmino), za\u010dini (kumin, beli luk, ljuspice crvene paprike, so, kurkuma).<\/p>\n","protected":false},"excerpt":{"rendered":"<p>Okus i raznovrsnost klasi\u010dnih supa lako su na va\u0161em stolu uz klasi\u010dne Basak supe koje pripremaju majstori Basak kuhara. Basak Ezogelin (65 gr) je najbr\u017ei i najlak\u0161i oblik klasi\u010dne esogelin supe. Veli\u010danstvena harmonija sastojaka u njemu stvara gozbu u ustima. Ako to radite na laganoj vatri i mije\u0161aju\u0107i drvenom kuha\u010dom, mo\u017eete poja\u010dati okus. Priprema se &hellip; <a href=\"https:\/\/turskishop.com\/index.php\/product\/basak-ezogelin-supa-65-gr\/\" class=\"more-link\">Nastavite \u010ditati <span class=\"screen-reader-text\">Basak Ezogelin Supa (65 gr)<\/span><\/a><\/p>\n","protected":false},"featured_media":5999,"comment_status":"open","ping_status":"closed","template":"","meta":{"om_disable_all_campaigns":false},"product_cat":[99,125,135],"product_tag":[136,138,139,137],"_links":{"self":[{"href":"https:\/\/turskishop.com\/index.php\/wp-json\/wp\/v2\/product\/5263"}],"collection":[{"href":"https:\/\/turskishop.com\/index.php\/wp-json\/wp\/v2\/product"}],"about":[{"href":"https:\/\/turskishop.com\/index.php\/wp-json\/wp\/v2\/types\/product"}],"replies":[{"embeddable":true,"href":"https:\/\/turskishop.com\/index.php\/wp-json\/wp\/v2\/comments?post=5263"}],"version-history":[{"count":2,"href":"https:\/\/turskishop.com\/index.php\/wp-json\/wp\/v2\/product\/5263\/revisions"}],"predecessor-version":[{"id":5998,"href":"https:\/\/turskishop.com\/index.php\/wp-json\/wp\/v2\/product\/5263\/revisions\/5998"}],"wp:featuredmedia":[{"embeddable":true,"href":"https:\/\/turskishop.com\/index.php\/wp-json\/wp\/v2\/media\/5999"}],"wp:attachment":[{"href":"https:\/\/turskishop.com\/index.php\/wp-json\/wp\/v2\/media?parent=5263"}],"wp:term":[{"taxonomy":"product_cat","embeddable":true,"href":"https:\/\/turskishop.com\/index.php\/wp-json\/wp\/v2\/product_cat?post=5263"},{"taxonomy":"product_tag","embeddable":true,"href":"https:\/\/turskishop.com\/index.php\/wp-json\/wp\/v2\/product_tag?post=5263"}],"curies":[{"name":"wp","href":"https:\/\/api.w.org\/{rel}","templated":true}]}}